 107
List the prime factors of 144130.
2, 5, 7, 29, 71
List the prime factors of 23711.
131, 181
What are the prime factors of 879?
3, 293
List the prime factors of 14226.
2, 3, 2371
List the prime factors of 57118.
2, 28559
List the prime factors of 4253.
4253
List the prime factors of 7651.
7, 1093
What are the prime factors of 6109?
41, 149
What are the prime factors of 3309?
3, 1103
What are the prime factors of 283?
283
List the prime factors of 27081.
3, 17, 59
What are the prime factors of 24146?
2, 12073
List the prime factors of 5086.
2, 2543
List the prime factors of 1600.
2, 5
What are the prime factors of 8002?
2, 4001
List the prime factors of 3019.
3019
List the prime factors of 3436.
2, 859
List the prime factors of 814.
2, 11, 37
What are the prime factors of 12141?
3, 19, 71
List the prime factors of 14747.
14747
List the prime factors of 2747.
41, 67
List the prime factors of 21484.
2, 41, 131
What are the prime factors of 49653?
3, 613
What are the prime factors of 266?
2, 7, 19
What are the prime factors of 1894?
2, 947
What are the prime factors of 1255?
5, 251
What are the prime factors of 25566?
2, 3, 4261
What are the prime factors of 19849?
23, 863
List the prime factors of 2081.
2081
What are the prime factors of 5836?
2, 1459
What are the prime factors of 26789?
7, 43, 89
List the prime factors of 17698.
2, 8849
List the prime factors of 624.
2, 3, 13
List the prime factors of 34176.
2, 3, 89
What are the prime factors of 14419?
14419
What are the prime factors of 653?
653
List the prime factors of 3060.
2, 3, 5, 17
List the prime factors of 34170.
2, 3, 5, 17, 67
List the prime factors of 2468.
2, 617
What are the prime factors of 51954?
2, 3, 7, 1237
What are the prime factors of 3999?
3, 31, 43
List the prime factors of 26426.
2, 73, 181
What are the prime factors of 15956?
2, 3989
What are the prime factors of 563?
563
What are the prime factors of 18123?
3, 7, 863
List the prime factors of 66521.
7, 13, 17, 43
What are the prime factors of 681?
3, 227
List the prime factors of 136828.
2, 79, 433
What are the prime factors of 25068?
2, 3, 2089
What are the prime factors of 8192?
2
What are the prime factors of 1737?
3, 193
What are the prime factors of 6865?
5, 1373
What are the prime factors of 7182?
2, 3, 7, 19
List the prime factors of 2250.
2, 3, 5
List the prime factors of 340.
2, 5, 17
List the prime factors of 18901.
41, 461
List the prime factors of 17689.
7, 19
What are the prime factors of 3886?
2, 29, 67
What are the prime factors of 30940?
2, 5, 7, 13, 17
What are the prime factors of 53056?
2, 829
What are the prime factors of 5468?
2, 1367
What are the prime factors of 998?
2, 499
List the prime factors of 19614.
2, 3, 7, 467
What are the prime factors of 40298?
2, 20149
List the prime factors of 10402.
2, 7, 743
What are the prime factors of 1400?
2, 5, 7
List the prime factors of 10171.
7, 1453
What are the prime factors of 8627?
8627
What are the prime factors of 40390?
2, 5, 7, 577
What are the prime factors of 5204?
2, 1301
List the prime factors of 1168.
2, 73
What are the prime factors of 78679?
19, 41, 101
List the prime factors of 4095.
3, 5, 7, 13
List the prime factors of 408.
2, 3, 17
List the prime factors of 12918.
2, 3, 2153
What are the prime factors of 1983?
3, 661
What are the prime factors of 772?
2, 193
List the prime factors of 21434.
2, 7, 1531
List the prime factors of 44636.
2, 11159
List the prime factors of 893.
19, 47
What are the prime factors of 963?
3, 107
What are the prime factors of 4926?
2, 3, 821
List the prime factors of 1766.
2, 883
What are the prime factors of 6884?
2, 1721
What are the prime factors of 155067?
3, 11, 37, 127
What are the prime factors of 18208?
2, 569
List the prime factors of 12216.
2, 3, 509
What are the prime factors of 48926?
2, 17, 1439
What are the prime factors of 19571?
19571
What are the prime factors of 82635?
3, 5, 7, 787
List the prime factors of 15491.
7, 2213
List the prime factors of 18186.
2, 3, 7, 433
What are the prime factors of 686?
2, 7
List the prime factors of 4074.
2, 3, 7, 97
What are the prime factors of 6009?
3, 2003
What are the prime factors of 369?
3, 41
List the prime factors of 8158.
2, 4079
What are the prime factors of 14741?
14741
List the prime factors of 293.
293
What are the prime factors of 71666?
2, 7, 5119
List the prime factors of 8663.
8663
List the prime factors of 800.
2, 5
What are the prime factors of 3051?
3, 113
What are the prime factors of 4811?
17, 283
What are the prime factors of 277?
277
List the prime factors of 3734.
2, 1867
What are the prime factors of 349?
349
List the prime factors of 42125.
5, 337
List the prime factors of 103393.
103393
What are the prime factors of 2343?
3, 11, 71
What are the prime factors of 128433?
3, 31, 1381
List the prime factors of 897.
3, 13, 23
What are the prime factors of 7383?
3, 23, 107
List the prime factors of 398.
2, 199
What are the prime factors of 1322?
2, 661
List the prime factors of 83364.
2, 3, 6947
List the prime factors of 607.
607
List the prime factors of 7051.
11, 641
List the prime factors of 17028.
2, 3, 11, 43
What are the prime factors of 7297?
7297
List the prime factors of 695.
5, 139
List the prime factors of 18808.
2, 2351
List the prime factors of 4686.
2, 3, 11, 71
What are the prime factors of 1520?
2, 5, 19
List the prime factors of 16810.
2, 5, 41
What are the prime factors of 58234?
2, 11, 2647
What are the prime factors of 62351?
62351
What are the prime factors of 27044?
2, 6761
List the prime factors of 5527.
5527
What are the prime factors of 48905?
5, 9781
What are the prime factors of 6513?
3, 13, 167
List the prime factors of 1031.
1031
What are the prime factors of 4150?
2, 5, 83
What are the prime factors of 89027?
127, 701
What are the prime factors of 10315?
5, 2063
What are the prime factors of 796?
2, 199
What are the prime factors of 61715?
5, 12343
List the prime factors of 62318.
2, 31159
What are the prime factors of 322?
2, 7, 23
What are the prime factors of 22942?
2, 11471
What are the prime factors of 64527?
3, 137, 157
What are the prime factors of 159953?
17, 97
What are the prime factors of 1334?
2, 23, 29
List the prime factors of 2917.
2917
List the prime factors of 1367.
1367
List the prime factors of 858.
2, 3, 11, 13
What are the prime factors of 5161?
13, 397
List the prime factors of 200683.
7, 28669
List the prime factors of 23205.
3, 5, 7, 13, 17
What are the prime factors of 16817?
67, 251
List the prime factors of 2494.
2, 29, 43
List the prime factors of 7387.
83, 89
What are the prime factors of 18800?
2, 5, 47
List the prime factors of 25545.
3, 5, 13, 131
What are the prime factors of 2213?
2213
List the prime factors of 13166.
2, 29, 227
What are the prime factors of 912?
2, 3, 19
List the prime factors of 129.
3, 43
List the prime factors of 37223.
37223
What are the prime factors of 117035?
5, 89, 263
What are the prime factors of 55866?
2, 3, 9311
List the prime factors of 4828.
2, 17, 71
What are the prime factors of 10305?
3, 5, 229
List the prime factors of 1023.
3, 11, 31
What are the prime factors of 4787?
4787
What are the prime factors of 71473?
71473
What are the prime factors of 1562?
2, 11, 71
List the prime factors of 957.
3, 11, 29
List the prime factors of 765.
3, 5, 17
What are the prime factors of 12725?
5, 509
List the prime factors of 133.
7, 19
List the prime factors of 59186.
2, 101, 293
What are the prime factors of 18476?
2, 31, 149
What are the prime factors of 10647?
3, 7, 13
List the prime factors of 10220.
2, 5, 7, 73
List the prime factors of 1935.
3, 5, 43
List the prime factors of 863.
863
List the prime factors of 47550.
2, 3, 5, 317
What are the prime factors of 34842?
2, 3, 5807
What are the prime factors of 909?
3, 101
List the prime factors of 6060.
2, 3, 5, 101
What are the prime factors of 87409?
7, 12487
List the prime factors of 40344.
2, 3, 41
List the prime factors of 730.
2, 5, 73
List the prime factors of 10008.
2, 3, 139
List the prime factors of 599.
599
List the prime factors of 5786.
2, 11, 263
What are the prime factors of 16861?
13, 1297
List the prime factors of 86712.
2, 3, 3613
List the prime factors of 8209.
8209
What are the